t is 3 - 34dd9c7?
-34dd9c4
In base 14, what is b4d - 23b?
912
In base 8, what is 364 + -42050?
-41464
In base 3, what is 12 - -10011020001010?
10011020001022
In base 15, what is -351d7 + -1c6?
-353ad
In base 7, what is 11 - -40660216?
40660230
In base 6, what is -3245 - -21232?
13543
In base 2, what is 110001100010010100011 + -1000?
110001100010010011011
In base 16, what is -20 + 1a730?
1a710
In base 15, what is -9b61ce + 21?
-9b61ad
In base 10, what is 8522929 - 2?
8522927
In base 14, what is -290a67 + 18?
-290a4d
In base 12, what is 2 + 18245a?
182460
In base 9, what is -8341 - -16671?
7330
In base 10, what is 381473417 + 4?
381473421
In base 7, what is 4200 + 142004?
146204
In base 16, what is 8202a3 - 2?
8202a1
In base 16, what is dc94 + -4ae?
d7e6
In base 16, what is -4 + -1c4de96?
-1c4de9a
In base 16, what is 186 - -4623e?
463c4
In base 5, what is 3324413 + 420?
3330333
In base 3, what is 10 + -22201111122120220?
-22201111122120210
In base 14, what is -183c - 2d50?
-478c
In base 4, what is 20311 - -122203300?
122230211
In base 4, what is -310322012002 + 21?
-310322011321
In base 5, what is 133444441 - -10?
134000001
In base 7, what is -2216 + 136412?
134163
In base 9, what is -2436366 - 4?
-2436371
In base 5, what is 122403031 + -1?
122403030
In base 3, what is 210 - 21220101111001?
-21220101110021
In base 9, what is 5 + 350354303?
350354308
In base 8, what is -114 + 366570?
366454
In base 11, what is -14 + -44569a?
-445703
In base 6, what is 110033014 - 12?
110033002
In base 6, what is -3201 - -1241425?
1234224
In base 7, what is 411013365 - -1?
411013366
In base 6, what is 4 - 21142315033?
-21142315025
In base 2, what is 1100000001 - 110010001000010?
-110000101000001
In base 4, what is -1 + -33010111113113?
-33010111113120
In base 10, what is 202 + 1045656?
1045858
In base 3, what is -10 - 10222121021102?
-10222121021112
In base 7, what is -45361103164 - 3?
-45361103200
In base 5, what is 220 + -44011003?
-44010233
In base 3, what is 11121100111 - -100020?
11121200201
In base 2, what is 10110 - 10110000110010100111100?
-10110000110010100100110
In base 15, what is 611 + -a612?
-a001
In base 11, what is 18582987 - -2?
18582989
In base 7, what is 0 - 166322536?
-166322536
In base 3, what is -2012111021 + -221?
-2012112012
In base 11, what is 3110119 - 3?
3110116
In base 13, what is 64872c - -4?
648733
In base 10, what is 5079873 - 3?
5079870
In base 5, what is 1432 - 1304244?
-1302312
In base 10, what is -313321 + 24?
-313297
In base 12, what is 2840a9b85 - -2?
2840a9b87
In base 10, what is 111 + 665721?
665832
In base 7, what is -406 + 11601223?
11600514
In base 5, what is 21140 - 211441?
-140301
In base 5, what is 0 - 301313121?
-301313121
In base 14, what is -242 - -bb3d?
b8db
In base 6, what is -100055 - 1010?
-101105
In base 4, what is 31023223130 - -210?
31023230000
In base 8, what is -2 - 10573367?
-10573371
In base 16, what is 13f467 - -4?
13f46b
In base 15, what is 34cd0 - -1a1?
34e81
In base 3, what is 1101112002120001 + -2?
1101112002112222
In base 7, what is 10456443 - -136?
10456612
In base 6, what is 4 + -22135004510?
-22135004502
In base 13, what is -1 + 9a8102?
9a8101
In base 9, what is -256240 + -2127?
-258367
In base 5, what is -100241342 - -2124?
-100234213
In base 7, what is 20 + 45242?
45262
In base 13, what is 388 - 116a8?
-11320
In base 13, what is -302bb + 26?
-30295
In base 5, what is -110204 + -1002232?
-1112441
In base 9, what is -3457317 - 2?
-3457320
In base 5, what is -10 + -2002241233?
-2002241243
In base 5, what is 3304 + 23110034?
23113343
In base 15, what is 1 + 2cb119?
2cb11a
In base 3, what is -1 + 1220221002102022?
1220221002102021
In base 11, what is -105501a - 92?
-1055101
In base 9, what is -542458 + 1750?
-540608
In base 11, what is 71184 - 2571?
69713
In base 15, what is e2b - -2243?
316e
In base 7, what is -1462620 + 13?
-1462604
In base 15, what is -39 + 622ad?
62274
In base 5, what is 1311433111 + -12?
1311433044
In base 8, what is 136027465 - 5?
136027460
In base 11, what is 1399464 - -3?
1399467
In base 8, what is 1116 - -33107?
34225
In base 12, what is 13 + -22563b5?
-22563a2
In base 2, what is 111011011110 - -1101110111110?
10101010011100
In base 15, what is -598 + -47a?
-a23
In base 5, what is -12 + 224211134?
224211122
In base 15, what is a25 + -35ce1?
-352bb
In base 2, what is 1001011110100000000101001 - -110?
1001011110100000000101111
In base 5, what is -2 + -10002134412?
-10002134414
In base 9, what is -2138 + -8364?
-11513
In base 9, what is 546427 + -3?
546424
In base 3, what is -102 + 1022221121222?
1022221121120
In base 5, what is -4134024 + -31033?
-4220112
In base 5, what is 3 + 34242403340?
34242403343
In base 7, what is 2 - 12455232?
-12455230
In base 6, what is 5 + -1341245025?
-1341245020
In base 11, what is -12a + 2a1344?
2a1215
In base 16, what is 2 - -15dcf29?
15dcf2b
In base 6, what is 143134 + 42532?
230110
In base 2, what is 10000111001011101 + -110011111001?
10000000101100100
In base 14, what is 16da - -14da?
2bd6
In base 10, what is -1208047 - 17?
-1208064
In base 14, what is -99647 - 238?
-99881
In base 3, what is 2011 + 2022121100222?
2022121110010
In base 6, what is 2 + 343451432?
343451434
In base 7, what is 4 - -2056200461?
2056200465
In base 5, what is -21330412040 + 212?
-21330411323
In base 11, what is 229006 + aa?
229105
In base 15, what is -2 - -196545?
196543
In base 7, what is -1 - -1305626660?
1305626656
In base 16, what is 1090de5 + 2c?
1090e11
In base 16, what is fd7c0b + -13?
fd7bf8
In base 11, what is 0 - -72633a15?
72633a15
In base 15, what is 377953 - -63?
3779b6
In base 6, what is 51152 + 144352?
235544
In base 11, what is -2036 - -59868?
57832
In base 3, what is 2120102 + 120120210022?
120200100201
In base 13, what is -38177231 - -4?
-3817722a
In base 15, what is -e32dda + 5?
-e32dd5
In base 15, what is -1c5 - -ed1e?
eb49
In base 14, what is -631 + ac?
-563
In base 7, what is -154201220 - 13?
-154201233
In base 6, what is -5 + -15300400051?
-15300400100
In base 7, what is -1341 + -32433?
-34104
In base 10, what is 3 - 98561?
-98558
In base 14, what is 2 - -765c65c?
765c660
In base 2, what is 0 - 100111100100011101110010010?
-100111100100011101110010010
In base 12, what is 34 - -12583a?
125872
In base 12, what is -620 + 55a7?
4b87
In base 8, what is 1312 - -45070?
46402
In base 6, what is -3350224 - 32?
-3350300
In base 2, what is 11010111111000110001000000 + 1?
11010111111000110001000001
In base 14, what is -23a910a + 5?
-23a9105
In base 4, what is -32313203 - 13202?
-32333011
In base 16, what is -f3fedc7 - -2?
-f3fedc5
In base 11, what is 81 - -22581?
22652
In base 15, what is 3 - -70b3349?
70b334c
In base 7, what is 22062 + 431?
22523
In base 9, what is 1887383 - 3?
1887380
In base 12, what is -13444b10 - -2?
-13444b0a
In base 7, what is -36115034145 - 2?
-36115034150
In base 3, what is 2200001022 + -1000?
2200000022
In base 6, what is -140 - 2001303?
-2001443
In base 2, what is -10111000100 + -110010011110001?
-110101010110101
In base 11, what is -5 - -8055a147?
8055a142
In base 8, what is -4 + -266637130?
-266637134
In base 13, what is -a46 + -6cb69?
-708b2
In base 3, what is -112210201210210202 + 10?
-112210201210210122
In base 4, what is -20 - -13102213230?
13102213210
In base 10, what is 35420097 + -2?
35420095
In base 14, what is 1abacd01 - 4?
1abaccdb
In base 16, what is 0 + 93269d?
93269d
In base 4, what is 11 + -223200230301?
-223200230230
In base 14, what is -228 + -1235d?
-12587
In base 13, what is -4b603 + 6c5?
-4ac0b
In base 10, what is 22221 - -1701?
23922
In base 12, what is 3 - 39b5a81?
-39b5a7a
In base 16, what is 6 + 193b9b?
193ba1
In base 11, what is 261 - 16aa?
-1449
In base 15, what is 25a + -29c11?
-299a6
In base 4, what is 1 - 1100333223320?
-1100333223313
In base 2, what is 100100 - -100001101110011101101100?
100001101110011110010000
In base 16, what is b - 22cd9?
-22cce
In base 9, what is -4223716 - 55?
-4223772
In base 13, what is -3b0912 - -6?
-3b0909
In base 11, what is -253813 + 761?
-253062
In base 8, what is -105100 - 4637?
-111737
In base 2, what is 0 - 110001110111010011111?
-110001110111010011111
In base 4, what is -320113230110123 - -10?
-320113230110113
In base 2, what is -1001101 + -100100010001010?
-10